{"id":187,"date":"2025-11-24T06:43:26","date_gmt":"2025-11-24T06:43:26","guid":{"rendered":"https:\/\/grieche-hamburg.de\/?page_id=187"},"modified":"2025-11-24T11:04:46","modified_gmt":"2025-11-24T11:04:46","slug":"ueber-uns","status":"publish","type":"page","link":"https:\/\/grieche-hamburg.de\/index.php\/ueber-uns\/","title":{"rendered":"\u00dcber uns"},"content":{"rendered":"<p>[et_pb_section bb_built=&#8220;1&#8243; _builder_version=&#8220;3.21.4&#8243;][et_pb_row _builder_version=&#8220;3.21.4&#8243;][et_pb_column type=&#8220;1_4&#8243;][et_pb_text _builder_version=&#8220;3.21.4&#8243; z_index_tablet=&#8220;500&#8243;]<\/p>\n<p>&nbsp;<\/p>\n<p><a href=\"https:\/\/grieche-hamburg.de\/index.php\/169-2\/\"><strong>Startseite<\/strong><\/a><\/p>\n<p><a href=\"https:\/\/grieche-hamburg.de\/index.php\/ueber-uns\/\"><strong>\u00dcber uns<\/strong><\/a><\/p>\n<p><a href=\"https:\/\/grieche-hamburg.de\/index.php\/galerie\/\"><strong>Galerie<\/strong><\/a><\/p>\n<p><a href=\"https:\/\/grieche-hamburg.de\/index.php\/speisekarte\/\"><strong>Speisekarte<\/strong><\/a><\/p>\n<p><a href=\"https:\/\/grieche-hamburg.de\/index.php\/oeffnungszeiten\/\"><strong>\u00d6ffnungszeiten<\/strong><\/a><\/p>\n<p><a href=\"https:\/\/grieche-hamburg.de\/index.php\/kontakt\/\"><strong>Kontakt<\/strong><\/a><\/p>\n<p><a href=\"https:\/\/grieche-hamburg.de\/index.php\/bewertungen\/\"><strong>Bewertungen<\/strong><\/a><\/p>\n<p><a href=\"https:\/\/grieche-hamburg.de\/index.php\/instagram\/\"><strong>Instagram<\/strong><\/a><\/p>\n<p><a href=\"https:\/\/grieche-hamburg.de\/index.php\/bewerten-sie-uns\/\"><strong>Bewerten sie uns<\/strong><\/a><\/p>\n<p><a href=\"https:\/\/grieche-hamburg.de\/index.php\/anfahrt\/\"><strong>Anfahrt<\/strong><\/a><\/p>\n<p style=\"text-align: justify;\"><a href=\"https:\/\/grieche-hamburg.de\/index.php\/impressum\/\"><strong>Impressum<\/strong><\/a><\/p>\n<p>[\/et_pb_text][\/et_pb_column][et_pb_column type=&#8220;3_4&#8243;][et_pb_image _builder_version=&#8220;3.21.4&#8243; src=&#8220;https:\/\/grieche-hamburg.de\/wp-content\/uploads\/2025\/11\/logo-final.png&#8220; z_index_tablet=&#8220;500&#8243; align=&#8220;center&#8220; max_width=&#8220;70%&#8220; module_alignment=&#8220;center&#8220; custom_padding=&#8220;0px|||&#8220; \/][et_pb_text _builder_version=&#8220;3.21.4&#8243; z_index_tablet=&#8220;500&#8243;]<\/p>\n<p>Sch\u00f6n, dass du da bist!<br \/>Wir sind seit \u00fcber 10 Jahren in der Wendlohstra\u00dfe zu Hause und freuen uns \u00fcber jeden Gast, der bei uns einkehrt \u2013 ob zum gem\u00fctlichen Abendessen, f\u00fcr ein gro\u00dfes Grillbrett oder einfach f\u00fcr einen leckeren Ouzo nach Feierabend.<\/p>\n<p>Unter der Leitung von Lefteris Giankoulas servieren wir dir klassische griechische Gerichte, frische Grillplatten und die typischen Aromen des Mittelmeers. Alles mit viel Herz \u2013 so, wie man es aus echten Tavernen kennt.<\/p>\n<p>\u00a0<\/p>\n<p>In der Taverna Santorini geht\u2019s um mehr als nur Essen.<br \/>Wir m\u00f6chten, dass du dich bei uns wie bei Freunden f\u00fchlst: warm, willkommen und gut aufgehoben.<\/p>\n<p>Unsere K\u00fcche basiert auf griechischen Rezepten, frischen Zutaten und ehrlicher Zubereitung \u2013 ohne Schnickschnack, aber mit viel Geschmack. Ob Fleisch, Fisch oder vegetarisch: Bei uns findest du bestimmt dein Lieblingsgericht.<\/p>\n<p>\u00a0<\/p>\n<p>\u00a0<\/p>\n<p>\u00a0<\/p>\n<p>\u00a0<\/p>\n<p>[\/et_pb_text][\/et_pb_column][\/et_pb_row][\/et_pb_section]<\/p>\n","protected":false},"excerpt":{"rendered":"<p>[et_pb_section bb_built=&#8220;1&#8243; _builder_version=&#8220;3.21.4&#8243;][et_pb_row _builder_version=&#8220;3.21.4&#8243;][et_pb_column type=&#8220;1_4&#8243;][et_pb_text _builder_version=&#8220;3.21.4&#8243; z_index_tablet=&#8220;500&#8243;] &nbsp; Startseite \u00dcber uns Galerie Speisekarte \u00d6ffnungszeiten Kontakt Bewertungen Instagram Bewerten sie uns Anfahrt Impressum [\/et_pb_text][\/et_pb_column][et_pb_column type=&#8220;3_4&#8243;][et_pb_image _builder_version=&#8220;3.21.4&#8243; src=&#8220;https:\/\/grieche-hamburg.de\/wp-content\/uploads\/2025\/11\/logo-final.png&#8220; z_index_tablet=&#8220;500&#8243; align=&#8220;center&#8220; max_width=&#8220;70%&#8220; module_alignment=&#8220;center&#8220; custom_padding=&#8220;0px|||&#8220; \/][et_pb_text _builder_version=&#8220;3.21.4&#8243; z_index_tablet=&#8220;500&#8243;] Sch\u00f6n, dass du da bist!Wir sind seit \u00fcber 10 Jahren in der Wendlohstra\u00dfe zu Hause und freuen uns \u00fcber jeden Gast, [&hellip;]<\/p>\n","protected":false},"author":3,"featured_media":0,"parent":0,"menu_order":0,"comment_status":"closed","ping_status":"closed","template":"","meta":{"_et_pb_use_builder":"on","_et_pb_old_content":""},"_links":{"self":[{"href":"https:\/\/grieche-hamburg.de\/index.php\/wp-json\/wp\/v2\/pages\/187"}],"collection":[{"href":"https:\/\/grieche-hamburg.de\/index.php\/wp-json\/wp\/v2\/pages"}],"about":[{"href":"https:\/\/grieche-hamburg.de\/index.php\/wp-json\/wp\/v2\/types\/page"}],"author":[{"embeddable":true,"href":"https:\/\/grieche-hamburg.de\/index.php\/wp-json\/wp\/v2\/users\/3"}],"replies":[{"embeddable":true,"href":"https:\/\/grieche-hamburg.de\/index.php\/wp-json\/wp\/v2\/comments?post=187"}],"version-history":[{"count":13,"href":"https:\/\/grieche-hamburg.de\/index.php\/wp-json\/wp\/v2\/pages\/187\/revisions"}],"predecessor-version":[{"id":360,"href":"https:\/\/grieche-hamburg.de\/index.php\/wp-json\/wp\/v2\/pages\/187\/revisions\/360"}],"wp:attachment":[{"href":"https:\/\/grieche-hamburg.de\/index.php\/wp-json\/wp\/v2\/media?parent=187"}],"curies":[{"name":"wp","href":"https:\/\/api.w.org\/{rel}","templated":true}]}}