{"id":216,"date":"2025-11-24T07:30:27","date_gmt":"2025-11-24T07:30:27","guid":{"rendered":"https:\/\/grieche-hamburg.de\/?page_id=216"},"modified":"2025-11-24T11:05:32","modified_gmt":"2025-11-24T11:05:32","slug":"kontakt","status":"publish","type":"page","link":"https:\/\/grieche-hamburg.de\/index.php\/kontakt\/","title":{"rendered":"Kontakt"},"content":{"rendered":"<p>[et_pb_section bb_built=&#8220;1&#8243; _builder_version=&#8220;3.21.4&#8243;][et_pb_row _builder_version=&#8220;3.21.4&#8243;][et_pb_column type=&#8220;1_4&#8243;][et_pb_text _builder_version=&#8220;3.21.4&#8243; z_index_tablet=&#8220;500&#8243;]<\/p>\n<p>&nbsp;<\/p>\n<p><a href=\"https:\/\/grieche-hamburg.de\/index.php\/169-2\/\"><strong>Startseite<\/strong><\/a><\/p>\n<p><a href=\"https:\/\/grieche-hamburg.de\/index.php\/ueber-uns\/\"><strong>\u00dcber uns<\/strong><\/a><\/p>\n<p><a href=\"https:\/\/grieche-hamburg.de\/index.php\/galerie\/\"><strong>Galerie<\/strong><\/a><\/p>\n<p><a href=\"https:\/\/grieche-hamburg.de\/index.php\/speisekarte\/\"><strong>Speisekarte<\/strong><\/a><\/p>\n<p><a href=\"https:\/\/grieche-hamburg.de\/index.php\/oeffnungszeiten\/\"><strong>\u00d6ffnungszeiten<\/strong><\/a><\/p>\n<p><a href=\"https:\/\/grieche-hamburg.de\/index.php\/kontakt\/\"><strong>Kontakt<\/strong><\/a><\/p>\n<p><a href=\"https:\/\/grieche-hamburg.de\/index.php\/bewertungen\/\"><strong>Bewertungen<\/strong><\/a><\/p>\n<p><a href=\"https:\/\/grieche-hamburg.de\/index.php\/instagram\/\"><strong>Instagram<\/strong><\/a><\/p>\n<p><a href=\"https:\/\/grieche-hamburg.de\/index.php\/bewerten-sie-uns\/\"><strong>Bewerten sie uns<\/strong><\/a><\/p>\n<p><a href=\"https:\/\/grieche-hamburg.de\/index.php\/anfahrt\/\"><strong>Anfahrt<\/strong><\/a><\/p>\n<p><a href=\"https:\/\/grieche-hamburg.de\/index.php\/impressum\/\"><strong>Impressum<\/strong><\/a><\/p>\n<p>[\/et_pb_text][\/et_pb_column][et_pb_column type=&#8220;3_4&#8243;][et_pb_image _builder_version=&#8220;3.21.4&#8243; src=&#8220;https:\/\/grieche-hamburg.de\/wp-content\/uploads\/2025\/11\/logo-final.png&#8220; z_index_tablet=&#8220;500&#8243; align=&#8220;center&#8220; max_width=&#8220;70%&#8220; module_alignment=&#8220;center&#8220; \/][et_pb_text _builder_version=&#8220;3.21.4&#8243; z_index_tablet=&#8220;500&#8243;]<\/p>\n<h3 data-start=\"209\" data-end=\"241\"><strong data-start=\"213\" data-end=\"241\">Kontakt &amp; Reservierungen<\/strong><\/h3>\n<p data-start=\"243\" data-end=\"418\">Wir freuen uns darauf, Sie in der <strong data-start=\"277\" data-end=\"298\">Taverna Santorini<\/strong> begr\u00fc\u00dfen zu d\u00fcrfen.<br data-start=\"318\" data-end=\"321\" \/>F\u00fcr Reservierungen, Fragen oder besondere W\u00fcnsche stehen wir Ihnen jederzeit gerne zur Verf\u00fcgung.<\/p>\n<p data-start=\"420\" data-end=\"536\"><strong data-start=\"420\" data-end=\"432\">Telefon:<\/strong> 040 \u2013 226 28 444<br data-start=\"449\" data-end=\"452\" \/><strong data-start=\"452\" data-end=\"463\">E-Mail:<\/strong> <a class=\"decorated-link cursor-pointer\" rel=\"noopener\" data-start=\"464\" data-end=\"489\">leftigiankoulas@gmail.com<\/a><br data-start=\"489\" data-end=\"492\" \/><strong data-start=\"492\" data-end=\"504\">Adresse:<\/strong> Wendlohstra\u00dfe 13, 22459 Hamburg<\/p>\n<p data-start=\"538\" data-end=\"756\">Ob ein gem\u00fctliches Essen zu zweit, ein Familienabend oder eine gr\u00f6\u00dfere Runde \u2013 wir k\u00fcmmern uns darum, dass Ihr Besuch bei uns rundum angenehm wird.<br data-start=\"685\" data-end=\"688\" \/>Gerne nehmen wir auch Reservierungen f\u00fcr besondere Anl\u00e4sse entgegen.<\/p>\n<p data-start=\"758\" data-end=\"825\" data-is-last-node=\"\" data-is-only-node=\"\">Wir freuen uns auf Ihre Nachricht \u2013 und nat\u00fcrlich auf Ihren Besuch!<\/p>\n<p data-start=\"758\" data-end=\"825\" data-is-last-node=\"\" data-is-only-node=\"\">\u00a0<\/p>\n<p data-start=\"758\" data-end=\"825\" data-is-last-node=\"\" data-is-only-node=\"\">\u00a0<\/p>\n<p data-start=\"758\" data-end=\"825\" data-is-last-node=\"\" data-is-only-node=\"\">\u00a0<\/p>\n<p>[\/et_pb_text][\/et_pb_column][\/et_pb_row][\/et_pb_section]<\/p>\n","protected":false},"excerpt":{"rendered":"<p>[et_pb_section bb_built=&#8220;1&#8243; _builder_version=&#8220;3.21.4&#8243;][et_pb_row _builder_version=&#8220;3.21.4&#8243;][et_pb_column type=&#8220;1_4&#8243;][et_pb_text _builder_version=&#8220;3.21.4&#8243; z_index_tablet=&#8220;500&#8243;] &nbsp; Startseite \u00dcber uns Galerie Speisekarte \u00d6ffnungszeiten Kontakt Bewertungen Instagram Bewerten sie uns Anfahrt Impressum [\/et_pb_text][\/et_pb_column][et_pb_column type=&#8220;3_4&#8243;][et_pb_image _builder_version=&#8220;3.21.4&#8243; src=&#8220;https:\/\/grieche-hamburg.de\/wp-content\/uploads\/2025\/11\/logo-final.png&#8220; z_index_tablet=&#8220;500&#8243; align=&#8220;center&#8220; max_width=&#8220;70%&#8220; module_alignment=&#8220;center&#8220; \/][et_pb_text _builder_version=&#8220;3.21.4&#8243; z_index_tablet=&#8220;500&#8243;] Kontakt &amp; Reservierungen Wir freuen uns darauf, Sie in der Taverna Santorini begr\u00fc\u00dfen zu d\u00fcrfen.F\u00fcr Reservierungen, Fragen oder besondere W\u00fcnsche stehen wir [&hellip;]<\/p>\n","protected":false},"author":3,"featured_media":0,"parent":0,"menu_order":0,"comment_status":"closed","ping_status":"closed","template":"","meta":{"_et_pb_use_builder":"on","_et_pb_old_content":"<p>[et_pb_section bb_built=\"1\"][et_pb_row][\/et_pb_row][\/et_pb_section]<\/p>"},"_links":{"self":[{"href":"https:\/\/grieche-hamburg.de\/index.php\/wp-json\/wp\/v2\/pages\/216"}],"collection":[{"href":"https:\/\/grieche-hamburg.de\/index.php\/wp-json\/wp\/v2\/pages"}],"about":[{"href":"https:\/\/grieche-hamburg.de\/index.php\/wp-json\/wp\/v2\/types\/page"}],"author":[{"embeddable":true,"href":"https:\/\/grieche-hamburg.de\/index.php\/wp-json\/wp\/v2\/users\/3"}],"replies":[{"embeddable":true,"href":"https:\/\/grieche-hamburg.de\/index.php\/wp-json\/wp\/v2\/comments?post=216"}],"version-history":[{"count":12,"href":"https:\/\/grieche-hamburg.de\/index.php\/wp-json\/wp\/v2\/pages\/216\/revisions"}],"predecessor-version":[{"id":363,"href":"https:\/\/grieche-hamburg.de\/index.php\/wp-json\/wp\/v2\/pages\/216\/revisions\/363"}],"wp:attachment":[{"href":"https:\/\/grieche-hamburg.de\/index.php\/wp-json\/wp\/v2\/media?parent=216"}],"curies":[{"name":"wp","href":"https:\/\/api.w.org\/{rel}","templated":true}]}}